he prime factors of 699039991.
13, 53772307
List the prime factors of 5988545508.
2, 3, 11, 45367769
List the prime factors of 1062096702.
2, 3, 177016117
List the prime factors of 74441266.
2, 17, 607, 3607
What are the prime factors of 203235103?
29, 61, 131, 877
What are the prime factors of 80464111?
7, 13, 17, 4001
What are the prime factors of 179193176?
2, 22399147
What are the prime factors of 1631824021?
439, 3717139
List the prime factors of 574299493.
83, 6919271
What are the prime factors of 6978099?
3, 2326033
What are the prime factors of 24876019?
7, 47, 75611
List the prime factors of 1504025268.
2, 3, 269, 465931
What are the prime factors of 56420228?
2, 14105057
What are the prime factors of 2692179931?
7, 384597133
What are the prime factors of 161381343?
3, 53, 59, 17203
What are the prime factors of 537899945?
5, 11, 1487, 6577
List the prime factors of 200384251.
200384251
List the prime factors of 216776483.
7, 11, 509, 5531
List the prime factors of 1093348499.
167, 6546997
List the prime factors of 542146992.
2, 3, 101, 111829
List the prime factors of 364323162.
2, 3, 7, 8674361
List the prime factors of 41547192.
2, 3, 31, 55843
List the prime factors of 122026160.
2, 5, 59, 103, 251
List the prime factors of 626272152.
2, 3, 11, 23, 103141
List the prime factors of 151425188.
2, 17, 43, 51787
List the prime factors of 448685995.
5, 89737199
What are the prime factors of 41651236?
2, 11, 151, 6269
List the prime factors of 126969369.
3, 42323123
List the prime factors of 260070488.
2, 17, 1912283
List the prime factors of 1983277708.
2, 3019, 164233
What are the prime factors of 81853665?
3, 5, 23, 237257
What are the prime factors of 6136708437?
3, 6359, 107227
List the prime factors of 72789417.
3, 47, 172079
List the prime factors of 121090435.
5, 97, 249671
List the prime factors of 24362585.
5, 13, 71, 5279
List the prime factors of 78973009.
239, 330431
List the prime factors of 1994716372.
2, 11, 5581, 8123
What are the prime factors of 57444215?
5, 29, 197, 2011
List the prime factors of 23940300.
2, 3, 5, 79801
What are the prime factors of 106826436?
2, 3, 17, 19, 9187
List the prime factors of 56924241.
3, 11, 23, 37, 2027
What are the prime factors of 2698391936?
2, 21081187
List the prime factors of 3026576534.
2, 107, 683, 20707
List the prime factors of 900039701.
11, 211, 387781
What are the prime factors of 751826864?
2, 46989179
What are the prime factors of 1205485077?
3, 19, 21148861
What are the prime factors of 777006764?
2, 194251691
What are the prime factors of 337258781?
14011, 24071
What are the prime factors of 1427576852?
2, 13, 29, 946669
What are the prime factors of 2988265150?
2, 5, 13, 31, 148301
What are the prime factors of 233407712?
2, 79, 127, 727
What are the prime factors of 364245549?
3, 23, 71, 149, 499
List the prime factors of 441100741.
441100741
List the prime factors of 159074441.
19, 157, 53327
What are the prime factors of 1134559?
1134559
List the prime factors of 2083063830.
2, 3, 5, 69435461
What are the prime factors of 844250997?
3, 19, 439, 33739
What are the prime factors of 3104206866?
2, 3, 8537, 20201
List the prime factors of 69907068.
2, 3, 7, 11, 25219
What are the prime factors of 42401079?
3, 7, 149, 4517
List the prime factors of 1551792490.
2, 5, 2161, 71809
List the prime factors of 1042657279.
179, 659, 8839
List the prime factors of 26975460.
2, 3, 5, 449591
List the prime factors of 515063299.
515063299
What are the prime factors of 579209291?
579209291
List the prime factors of 5836968729.
3, 389, 555743
List the prime factors of 26058774.
2, 3, 7, 43, 47, 307
What are the prime factors of 649369673?
83, 7823731
What are the prime factors of 50073662?
2, 29, 787, 1097
What are the prime factors of 1468826265?
3, 5, 17, 5760103
List the prime factors of 23325556.
2, 41, 3469
What are the prime factors of 5832884683?
43, 2903, 46727
List the prime factors of 843070832.
2, 29, 1816963
List the prime factors of 625348190.
2, 5, 1321, 47339
What are the prime factors of 7161551088?
2, 3, 107, 1394383
List the prime factors of 109775575.
5, 7, 13, 73, 661
What are the prime factors of 1242766119?
3, 7, 59179339
What are the prime factors of 26822982?
2, 3, 53, 84349
List the prime factors of 506152291.
109, 331, 14029
What are the prime factors of 85696028?
2, 11, 31, 62827
What are the prime factors of 97286?
2, 7, 6949
What are the prime factors of 22320270?
2, 3, 5, 7, 71, 499
What are the prime factors of 33149390?
2, 5, 3314939
List the prime factors of 5344101461.
11243, 475327
List the prime factors of 2934673599.
3, 11, 13, 97, 109, 647
List the prime factors of 22433826.
2, 3, 3738971
What are the prime factors of 3101897552?
2, 13, 14912969
What are the prime factors of 70371190?
2, 5, 769, 9151
List the prime factors of 274726997.
4943, 55579
What are the prime factors of 626640721?
7, 89520103
What are the prime factors of 4938424191?
3, 3023, 181513
List the prime factors of 5271514041.
3, 1757171347
What are the prime factors of 146473900?
2, 5, 79, 18541
List the prime factors of 377047316.
2, 37, 41, 62137
List the prime factors of 248880186.
2, 3, 13826677
What are the prime factors of 7054201892?
2, 677, 2604949
List the prime factors of 96722466.
2, 3, 16120411
What are the prime factors of 258747813?
3, 43, 668599
What are the prime factors of 195143608?
2, 11, 2217541
What are the prime factors of 40346885?
5, 8069377
List the prime factors of 119247302.
2, 59623651
What are the prime factors of 176349976?
2, 11, 17, 117881
What are the prime factors of 3401632739?
2423, 1403893
List the prime factors of 26904489.
3, 17, 29, 18191
What are the prime factors of 3905009?
23, 169783
What are the prime factors of 11831889?
3, 19, 251, 827
List the prime factors of 553969398.
2, 3, 23, 4014271
List the prime factors of 61698296.
2, 11, 701117
List the prime factors of 61575564.
2, 3, 17, 301841
List the prime factors of 1238377033.
739, 1675747
List the prime factors of 255935769.
3, 307, 277889
List the prime factors of 426775821.
3, 461, 308587
List the prime factors of 219313291.
219313291
List the prime factors of 686232927.
3, 4993, 15271
What are the prime factors of 256406960?
2, 5, 3205087
List the prime factors of 272986.
2, 7, 17, 31, 37
What are the prime factors of 1625924661?
3, 1439, 376633
What are the prime factors of 2167163304?
2, 3, 5023, 17977
What are the prime factors of 89631729?
3, 11, 67, 13513
List the prime factors of 2607353242.
2, 13, 19, 5278043
What are the prime factors of 42731761?
17, 29, 86677
What are the prime factors of 1072361362?
2, 29, 31, 596419
What are the prime factors of 150922448?
2, 9432653
List the prime factors of 3922676265.
3, 5, 241, 1085111
List the prime factors of 740109427.
740109427
What are the prime factors of 3829906867?
3829906867
List the prime factors of 110216983.
157, 823, 853
What are the prime factors of 87115827?
3, 29038609
List the prime factors of 696720218.
2, 439, 509, 1559
List the prime factors of 67837173.
3, 22612391
What are the prime factors of 63634097?
19, 3349163
List the prime factors of 386375179.
3323, 116273
List the prime factors of 44040623.
11, 179, 22367
List the prime factors of 4799341072.
2, 299958817
What are the prime factors of 47747995?
5, 79, 109, 1109
List the prime factors of 50652080.
2, 5, 633151
What are the prime factors of 2662537502?
2, 29, 859, 53441
List the prime factors of 1116665.
5, 11, 79, 257
List the prime factors of 98336613.
3, 1993, 16447
What are the prime factors of 6180582845?
5, 263, 4700063
What are the prime factors of 81243100?
2, 5, 812431
What are the prime factors of 48838046?
2, 24419023
List the prime factors of 639952333.
37, 197, 87797
List the prime factors of 12861109.
12861109
List the prime factors of 7772485568.
2, 383, 317089
List the prime factors of 542159390.
2, 5, 2437, 22247
What are the prime factors of 82883284?
2, 11, 739, 2549
What are the prime factors of 388519586?
2, 7, 13, 149, 14327
What are the prime factors of 4807751?
13, 369827
What are the prime factors of 28495387?
28495387
List the prime factors of 22699949.
22699949
List the prime factors of 64107190.
2, 5, 7, 41, 3191
Lis